{"id":84,"date":"2022-01-20T19:33:07","date_gmt":"2022-01-20T19:33:07","guid":{"rendered":"https:\/\/pasteldfeira.com.br\/cardapio\/?post_type=product&#038;p=84"},"modified":"2025-06-09T19:53:16","modified_gmt":"2025-06-09T19:53:16","slug":"coxinha-de-carne-de-sol-com-requeijao","status":"publish","type":"product","link":"https:\/\/pasteldfeira.com.br\/cardapio\/produto\/coxinha-de-carne-de-sol-com-requeijao\/","title":{"rendered":"Coxinha de Carne de Sol com Requeij\u00e3o"},"content":{"rendered":"<p>Coxinha de carne de sol com requeij\u00e3o, massa de mandioca, fina e leve, temperos da casa e muito recheio. \u00c9 a novidade do momento!<\/p>\n","protected":false},"excerpt":{"rendered":"<p>Coxinha de carne de sol com requeij\u00e3o, massa de mandioca, fina e leve, temperos da casa e muito recheio. \u00c9 a novidade do momento!<\/p>\n","protected":false},"featured_media":665,"comment_status":"open","ping_status":"closed","template":"","meta":[],"product_brand":[],"product_cat":[23],"product_tag":[339,38,160,158,340,156,157,159,337,338,342,161,341],"class_list":{"0":"post-84","1":"product","2":"type-product","3":"status-publish","4":"has-post-thumbnail","6":"product_cat-salgados","7":"product_tag-aberto-agora","8":"product_tag-cafe-na-pastel-dfeira","9":"product_tag-carne-de-sol","10":"product_tag-carne-de-sol-com-requeijao","11":"product_tag-comida","12":"product_tag-coxinha","13":"product_tag-coxinha-de-carne-de-sol","14":"product_tag-coxinha-recheada-de-carne-de-sol","15":"product_tag-lanche","16":"product_tag-lanche-em-tupa","17":"product_tag-lugar-para-comer","18":"product_tag-requeijao","19":"product_tag-restaurante","21":"first","22":"instock","23":"shipping-taxable","24":"purchasable","25":"product-type-simple"},"_links":{"self":[{"href":"https:\/\/pasteldfeira.com.br\/cardapio\/wp-json\/wp\/v2\/product\/84","targetHints":{"allow":["GET"]}}],"collection":[{"href":"https:\/\/pasteldfeira.com.br\/cardapio\/wp-json\/wp\/v2\/product"}],"about":[{"href":"https:\/\/pasteldfeira.com.br\/cardapio\/wp-json\/wp\/v2\/types\/product"}],"replies":[{"embeddable":true,"href":"https:\/\/pasteldfeira.com.br\/cardapio\/wp-json\/wp\/v2\/comments?post=84"}],"wp:featuredmedia":[{"embeddable":true,"href":"https:\/\/pasteldfeira.com.br\/cardapio\/wp-json\/wp\/v2\/media\/665"}],"wp:attachment":[{"href":"https:\/\/pasteldfeira.com.br\/cardapio\/wp-json\/wp\/v2\/media?parent=84"}],"wp:term":[{"taxonomy":"product_brand","embeddable":true,"href":"https:\/\/pasteldfeira.com.br\/cardapio\/wp-json\/wp\/v2\/product_brand?post=84"},{"taxonomy":"product_cat","embeddable":true,"href":"https:\/\/pasteldfeira.com.br\/cardapio\/wp-json\/wp\/v2\/product_cat?post=84"},{"taxonomy":"product_tag","embeddable":true,"href":"https:\/\/pasteldfeira.com.br\/cardapio\/wp-json\/wp\/v2\/product_tag?post=84"}],"curies":[{"name":"wp","href":"https:\/\/api.w.org\/{rel}","templated":true}]}}