{"id":45,"date":"2022-01-20T19:07:00","date_gmt":"2022-01-20T19:07:00","guid":{"rendered":"https:\/\/pasteldfeira.com.br\/cardapio\/?post_type=product&#038;p=45"},"modified":"2025-06-09T20:01:19","modified_gmt":"2025-06-09T20:01:19","slug":"suco-polpa-350ml-com-agua","status":"publish","type":"product","link":"https:\/\/pasteldfeira.com.br\/cardapio\/produto\/suco-polpa-350ml-com-agua\/","title":{"rendered":"Suco Polpa 350mL com \u00e1gua"},"content":{"rendered":"<p>Abacaxi, Abacaxi com Hortel\u00e3, A\u00e7a\u00ed, Coco, Acerola, Amora, Caju, Cupua\u00e7u, Mam\u00e3o, Maracuj\u00e1, Mel\u00e3o, Morango ou Uva<\/p>\n","protected":false},"excerpt":{"rendered":"<p>Abacaxi, Abacaxi com Hortel\u00e3, A\u00e7a\u00ed, Coco, Acerola, Amora, Caju, Cupua\u00e7u, Mam\u00e3o, Maracuj\u00e1, Mel\u00e3o, Morango ou Uva<\/p>\n","protected":false},"featured_media":725,"comment_status":"open","ping_status":"closed","template":"","meta":[],"product_brand":[],"product_cat":[299],"product_tag":[339,340,337,338,342,34,341,104,105,106,107,108,109,110,111,112,113,114,115,116,117],"class_list":{"0":"post-45","1":"product","2":"type-product","3":"status-publish","4":"has-post-thumbnail","6":"product_cat-vidros","7":"product_tag-aberto-agora","8":"product_tag-comida","9":"product_tag-lanche","10":"product_tag-lanche-em-tupa","11":"product_tag-lugar-para-comer","12":"product_tag-pastel-dfeira","13":"product_tag-restaurante","14":"product_tag-suco-de-abacaxi","15":"product_tag-suco-de-abacaxi-com-hortela","16":"product_tag-suco-de-acai","17":"product_tag-suco-de-acerola","18":"product_tag-suco-de-amora","19":"product_tag-suco-de-caju","20":"product_tag-suco-de-coco","21":"product_tag-suco-de-cupuacu","22":"product_tag-suco-de-mamao","23":"product_tag-suco-de-maracuja","24":"product_tag-suco-de-melao","25":"product_tag-suco-de-morango","26":"product_tag-suco-de-uva","27":"product_tag-sucos","29":"first","30":"instock","31":"shipping-taxable","32":"purchasable","33":"product-type-simple"},"_links":{"self":[{"href":"https:\/\/pasteldfeira.com.br\/cardapio\/wp-json\/wp\/v2\/product\/45","targetHints":{"allow":["GET"]}}],"collection":[{"href":"https:\/\/pasteldfeira.com.br\/cardapio\/wp-json\/wp\/v2\/product"}],"about":[{"href":"https:\/\/pasteldfeira.com.br\/cardapio\/wp-json\/wp\/v2\/types\/product"}],"replies":[{"embeddable":true,"href":"https:\/\/pasteldfeira.com.br\/cardapio\/wp-json\/wp\/v2\/comments?post=45"}],"wp:featuredmedia":[{"embeddable":true,"href":"https:\/\/pasteldfeira.com.br\/cardapio\/wp-json\/wp\/v2\/media\/725"}],"wp:attachment":[{"href":"https:\/\/pasteldfeira.com.br\/cardapio\/wp-json\/wp\/v2\/media?parent=45"}],"wp:term":[{"taxonomy":"product_brand","embeddable":true,"href":"https:\/\/pasteldfeira.com.br\/cardapio\/wp-json\/wp\/v2\/product_brand?post=45"},{"taxonomy":"product_cat","embeddable":true,"href":"https:\/\/pasteldfeira.com.br\/cardapio\/wp-json\/wp\/v2\/product_cat?post=45"},{"taxonomy":"product_tag","embeddable":true,"href":"https:\/\/pasteldfeira.com.br\/cardapio\/wp-json\/wp\/v2\/product_tag?post=45"}],"curies":[{"name":"wp","href":"https:\/\/api.w.org\/{rel}","templated":true}]}}