{"id":28,"date":"2022-01-20T19:06:59","date_gmt":"2022-01-20T19:06:59","guid":{"rendered":"https:\/\/pasteldfeira.com.br\/cardapio\/?post_type=product&#038;p=28"},"modified":"2025-06-09T19:16:58","modified_gmt":"2025-06-09T19:16:58","slug":"pao-de-queijo","status":"publish","type":"product","link":"https:\/\/pasteldfeira.com.br\/cardapio\/produto\/pao-de-queijo\/","title":{"rendered":"P\u00e3o de queijo"},"content":{"rendered":"<p>P\u00e3o de queijo. N\u00e3o deixe para amanh\u00e3 o p\u00e3o de queijo que voc\u00ea pode comer hoje.<\/p>\n","protected":false},"excerpt":{"rendered":"<p>P\u00e3o de queijo. N\u00e3o deixe para amanh\u00e3 o p\u00e3o de queijo que voc\u00ea pode comer hoje.<\/p>\n","protected":false},"featured_media":708,"comment_status":"open","ping_status":"closed","template":"","meta":[],"product_brand":[],"product_cat":[19],"product_tag":[339,340,337,338,342,61,62,63,34,59,341],"class_list":{"0":"post-28","1":"product","2":"type-product","3":"status-publish","4":"has-post-thumbnail","6":"product_cat-paes","7":"product_tag-aberto-agora","8":"product_tag-comida","9":"product_tag-lanche","10":"product_tag-lanche-em-tupa","11":"product_tag-lugar-para-comer","12":"product_tag-pao","13":"product_tag-pao-de-queijo","14":"product_tag-pao-de-queijo-na-pastel-d-feira","15":"product_tag-pastel-dfeira","16":"product_tag-queijo","17":"product_tag-restaurante","19":"first","20":"instock","21":"shipping-taxable","22":"purchasable","23":"product-type-simple"},"_links":{"self":[{"href":"https:\/\/pasteldfeira.com.br\/cardapio\/wp-json\/wp\/v2\/product\/28","targetHints":{"allow":["GET"]}}],"collection":[{"href":"https:\/\/pasteldfeira.com.br\/cardapio\/wp-json\/wp\/v2\/product"}],"about":[{"href":"https:\/\/pasteldfeira.com.br\/cardapio\/wp-json\/wp\/v2\/types\/product"}],"replies":[{"embeddable":true,"href":"https:\/\/pasteldfeira.com.br\/cardapio\/wp-json\/wp\/v2\/comments?post=28"}],"wp:featuredmedia":[{"embeddable":true,"href":"https:\/\/pasteldfeira.com.br\/cardapio\/wp-json\/wp\/v2\/media\/708"}],"wp:attachment":[{"href":"https:\/\/pasteldfeira.com.br\/cardapio\/wp-json\/wp\/v2\/media?parent=28"}],"wp:term":[{"taxonomy":"product_brand","embeddable":true,"href":"https:\/\/pasteldfeira.com.br\/cardapio\/wp-json\/wp\/v2\/product_brand?post=28"},{"taxonomy":"product_cat","embeddable":true,"href":"https:\/\/pasteldfeira.com.br\/cardapio\/wp-json\/wp\/v2\/product_cat?post=28"},{"taxonomy":"product_tag","embeddable":true,"href":"https:\/\/pasteldfeira.com.br\/cardapio\/wp-json\/wp\/v2\/product_tag?post=28"}],"curies":[{"name":"wp","href":"https:\/\/api.w.org\/{rel}","templated":true}]}}